{"id":48,"date":"2021-01-02T16:28:48","date_gmt":"2021-01-02T15:28:48","guid":{"rendered":"https:\/\/plastic-gangster.com\/?page_id=48"},"modified":"2023-08-11T14:16:30","modified_gmt":"2023-08-11T12:16:30","slug":"accueil","status":"publish","type":"page","link":"https:\/\/plastic-gangster.com\/","title":{"rendered":"Accueil"},"content":{"rendered":"<p>[et_pb_section fb_built=\u00a0\u00bb1&Prime; _builder_version=\u00a0\u00bb4.16&Prime; _module_preset=\u00a0\u00bbdefault\u00a0\u00bb background_enable_image=\u00a0\u00bboff\u00a0\u00bb custom_padding=\u00a0\u00bb||0px|||\u00a0\u00bb global_colors_info=\u00a0\u00bb{}\u00a0\u00bb][et_pb_row _builder_version=\u00a0\u00bb4.16&Prime; _module_preset=\u00a0\u00bbdefault\u00a0\u00bb global_colors_info=\u00a0\u00bb{}\u00a0\u00bb][et_pb_column type=\u00a0\u00bb4_4&Prime; _builder_version=\u00a0\u00bb4.16&Prime; _module_preset=\u00a0\u00bbdefault\u00a0\u00bb global_colors_info=\u00a0\u00bb{}\u00a0\u00bb][et_pb_text _builder_version=\u00a0\u00bb4.18.0&Prime; _module_preset=\u00a0\u00bbdefault\u00a0\u00bb text_font_size=\u00a0\u00bb15px\u00a0\u00bb custom_padding=\u00a0\u00bb0px|||||\u00a0\u00bb global_colors_info=\u00a0\u00bb{}\u00a0\u00bb]<\/p>\n<h1><span>Bienvenu sur PLASTIC GANGSTER. <\/span><\/h1>\n<p><strong>Passionn\u00e9 par l&rsquo;Histoire, de l&rsquo;Antiquit\u00e9 \u00e0 nos jours, je m&rsquo;int\u00e9resse plus particuli\u00e8rement aux conflits, aux batailles, aux soldats et \u00e0 leurs \u00e9quipements. Au milieu des ann\u00e9es 80 j&rsquo;ai red\u00e9couvert les maquettes et figurines lesquelles permettent de faire revivre des pages d&rsquo;Histoire. Les maquettes ,m\u00eame prot\u00e9g\u00e9es dans des vitrines, peuvent \u00eatre abim\u00e9es au fil des ann\u00e9es. La raison d&rsquo;\u00eatre de PLASTIC GANGSTER est de sauvegarder par l&rsquo;image une partie de ma collection. Vous trouverez donc sur ce blog une bonne partie de mes r\u00e9alisations mais \u00e9galement des photoscopes de mat\u00e9riels r\u00e9els qui pourront servir de documentation pour vos propres cr\u00e9ations. <\/strong><\/p>\n<p><strong>Bonne visite.<\/strong><\/p>\n<p><strong>St\u00e9phane HERVE<\/strong><\/p>\n<p><span><\/span><\/p>\n<p><span><\/span><\/p>\n<p>[\/et_pb_text][\/et_pb_column][\/et_pb_row][\/et_pb_section][et_pb_section fb_built=\u00a0\u00bb1&Prime; _builder_version=\u00a0\u00bb4.16&Prime; _module_preset=\u00a0\u00bbdefault\u00a0\u00bb custom_padding=\u00a0\u00bb0px|||||\u00a0\u00bb global_colors_info=\u00a0\u00bb{}\u00a0\u00bb][et_pb_row _builder_version=\u00a0\u00bb4.16&Prime; _module_preset=\u00a0\u00bbdefault\u00a0\u00bb global_colors_info=\u00a0\u00bb{}\u00a0\u00bb][et_pb_column type=\u00a0\u00bb4_4&Prime; _builder_version=\u00a0\u00bb4.16&Prime; _module_preset=\u00a0\u00bbdefault\u00a0\u00bb global_colors_info=\u00a0\u00bb{}\u00a0\u00bb][et_pb_text _builder_version=\u00a0\u00bb4.18.0&Prime; _module_preset=\u00a0\u00bbdefault\u00a0\u00bb global_colors_info=\u00a0\u00bb{}\u00a0\u00bb]<\/p>\n<h2><u>Mise \u00e0 jour:<\/u><\/h2>\n<p>[\/et_pb_text][et_pb_portfolio fullwidth=\u00a0\u00bboff\u00a0\u00bb posts_number=\u00a0\u00bb4&Prime; show_categories=\u00a0\u00bboff\u00a0\u00bb show_pagination=\u00a0\u00bboff\u00a0\u00bb _builder_version=\u00a0\u00bb4.16&Prime; _module_preset=\u00a0\u00bbdefault\u00a0\u00bb global_colors_info=\u00a0\u00bb{}\u00a0\u00bb][\/et_pb_portfolio][\/et_pb_column][\/et_pb_row][\/et_pb_section]<\/p>\n","protected":false},"excerpt":{"rendered":"<p>Bienvenu sur PLASTIC GANGSTER. Passionn\u00e9 par l&rsquo;Histoire, de l&rsquo;Antiquit\u00e9 \u00e0 nos jours, je m&rsquo;int\u00e9resse plus particuli\u00e8rement aux conflits, aux batailles, aux soldats et \u00e0 leurs \u00e9quipements. Au milieu des ann\u00e9es 80 j&rsquo;ai red\u00e9couvert les maquettes et figurines lesquelles permettent de faire revivre des pages d&rsquo;Histoire. Les maquettes ,m\u00eame prot\u00e9g\u00e9es dans des vitrines, peuvent \u00eatre abim\u00e9es [&hellip;]<\/p>\n","protected":false},"author":1,"featured_media":0,"parent":0,"menu_order":0,"comment_status":"closed","ping_status":"closed","template":"","meta":{"_et_pb_use_builder":"on","_et_pb_old_content":"","_et_gb_content_width":"","inline_featured_image":false,"footnotes":""},"class_list":["post-48","page","type-page","status-publish","hentry"],"_links":{"self":[{"href":"https:\/\/plastic-gangster.com\/index.php\/wp-json\/wp\/v2\/pages\/48","targetHints":{"allow":["GET"]}}],"collection":[{"href":"https:\/\/plastic-gangster.com\/index.php\/wp-json\/wp\/v2\/pages"}],"about":[{"href":"https:\/\/plastic-gangster.com\/index.php\/wp-json\/wp\/v2\/types\/page"}],"author":[{"embeddable":true,"href":"https:\/\/plastic-gangster.com\/index.php\/wp-json\/wp\/v2\/users\/1"}],"replies":[{"embeddable":true,"href":"https:\/\/plastic-gangster.com\/index.php\/wp-json\/wp\/v2\/comments?post=48"}],"version-history":[{"count":19,"href":"https:\/\/plastic-gangster.com\/index.php\/wp-json\/wp\/v2\/pages\/48\/revisions"}],"predecessor-version":[{"id":2566,"href":"https:\/\/plastic-gangster.com\/index.php\/wp-json\/wp\/v2\/pages\/48\/revisions\/2566"}],"wp:attachment":[{"href":"https:\/\/plastic-gangster.com\/index.php\/wp-json\/wp\/v2\/media?parent=48"}],"curies":[{"name":"wp","href":"https:\/\/api.w.org\/{rel}","templated":true}]}}